{"id":1197,"date":"2022-02-21T15:53:06","date_gmt":"2022-02-21T14:53:06","guid":{"rendered":"https:\/\/www.reklameskolen.no\/?page_id=1197"},"modified":"2023-10-19T09:13:45","modified_gmt":"2023-10-19T07:13:45","slug":"produktplassering","status":"publish","type":"page","link":"https:\/\/www.reklameskolen.no\/ungdomsskole\/metoder-medier-og-miljo\/den-usynlige-reklame\/produktplassering\/","title":{"rendered":"Produktplassering"},"content":{"rendered":"\n<h1 class=\"wp-block-heading\" id=\"produktplassering-logoeksponering\">Produktplassering<\/h1>\n\n\n\n<figure class=\"wp-block-image alignwide size-large\"><img loading=\"lazy\" decoding=\"async\" width=\"1024\" height=\"509\" src=\"https:\/\/www.reklameskolen.no\/wp-content\/uploads\/sites\/7\/2022\/02\/James-Bond-1-1024x509.jpg\" alt=\"Bilde som viser James Bond fra filmen Casino Royal der Bond sitter ved siden av en PC tydelig merket VAIO.\" class=\"wp-image-1212\" srcset=\"https:\/\/www.reklameskolen.no\/ungdomsskole\/files\/2022\/02\/James-Bond-1-1024x509.jpg 1024w, https:\/\/www.reklameskolen.no\/ungdomsskole\/files\/2022\/02\/James-Bond-1-300x149.jpg 300w, https:\/\/www.reklameskolen.no\/ungdomsskole\/files\/2022\/02\/James-Bond-1-768x382.jpg 768w, https:\/\/www.reklameskolen.no\/ungdomsskole\/files\/2022\/02\/James-Bond-1-150x75.jpg 150w, https:\/\/www.reklameskolen.no\/ungdomsskole\/files\/2022\/02\/James-Bond-1.jpg 1392w\" sizes=\"auto, (max-width: 1024px) 100vw, 1024px\" \/><figcaption class=\"wp-element-caption\">Dette kunne v\u00e6rt en reklame for Sony Vaio, men er en scene fra James Bond filmen Casino Royal. <br>Mon tro hvor mye Sony har betalt for akkurat dette klippet \u2026<\/figcaption><\/figure>\n\n\n\n<h4 class=\"wp-block-heading alignwide\"><strong>Har du noen gang lurt p\u00e5 hvorfor James Bond kj\u00f8rer en Aston Martin,  eller hvorfor en skiut\u00f8ver drikker av<\/strong> <strong>en Imsdal-flaske etter m\u00e5lgang? Det er naturligvis noen som har betalt for at akkurat disse produktene blir vist frem.<\/strong><\/h4>\n\n\n\n<div class=\"wp-block-columns alignwide is-layout-flex wp-container-core-columns-is-layout-28f84493 wp-block-columns-is-layout-flex\">\n<div class=\"wp-block-column is-layout-flow wp-block-column-is-layout-flow\" style=\"flex-basis:66.66%\">\n<p>Produktplassering er en form for reklame der produkter plasseres som en integrert del av et innhold.<\/p>\n\n\n\n<p>Produktplassering skjer for eksempel ved at en skuespiller bruker en ny modell av et kjent bilmerke, eller det tas n\u00e6rbilde av et bestemt produkt eller merkevare. Det kan ogs\u00e5 v\u00e6re produktplassering at handlingen i en film legges til et bestemt sted.<\/p>\n\n\n\n<p>Selv om ikke alle produkter som brukes eller vises i en film er betalt for, er det mye som heller ikke er tilfeldig.<\/p>\n\n\n\n<p>I filmen <em>Norske Byggeklosser<\/em> fra 2018 dukket det opp 21 navn p\u00e5 ulike merkevarer som hadde sponset filme i rulleteksten. Alle disse merkevarene var blitt vist frem i l\u00f8pet av filmen. Filmen ble aktivt brukt i markedsf\u00f8ringen av de ulike merkevarene b\u00e5de i tiden f\u00f8r og etter at filmen kom p\u00e5 lerretet.<\/p>\n\n\n\n<h3 class=\"wp-block-heading\"><strong>Krav til merking<\/strong><\/h3>\n\n\n\n<p>Det er krav til at TV-programmer som inneholder produktplassering merkes med &laquo;P&raquo;. <\/p>\n\n\n\n<div style=\"height:30px\" aria-hidden=\"true\" class=\"wp-block-spacer\"><\/div>\n\n\n\n<p class=\"is-style-pullquote-think\"><\/p>\n<\/div>\n\n\n\n<div class=\"wp-block-column is-layout-flow wp-block-column-is-layout-flow\" style=\"flex-basis:33.33%\">\n<div class=\"wp-block-group is-style-fact-box is-layout-flow wp-block-group-is-layout-flow\">\n<h2 class=\"wp-block-heading has-palette-color-8-color has-text-color\">Definisjon<\/h2>\n\n\n\n<p><strong>Produktplassering <\/strong>er reklame der produkter, varemerke eller logo blir plassert som en integrert del av et annet innhold.<\/p>\n<\/div>\n<\/div>\n<\/div>\n\n\n\n<div style=\"height:50px\" aria-hidden=\"true\" class=\"wp-block-spacer\"><\/div>\n\n\n\n<div style=\"height:100px\" aria-hidden=\"true\" class=\"wp-block-spacer\"><\/div>\n\n\n\n<p>Trykk deg tilbake til &laquo;Reklame overalt&raquo; for \u00e5 l\u00e6re mer om hvor du finner reklame.<\/p>\n\n\n\n<div class=\"wp-block-group alignfull has-palette-color-4-background-color has-background is-layout-flow wp-block-group-is-layout-flow\">\n<div class=\"wp-block-columns is-layout-flex wp-container-core-columns-is-layout-28f84493 wp-block-columns-is-layout-flex\">\n<div class=\"wp-block-column is-layout-flow wp-block-column-is-layout-flow\">\n<div class=\"wp-block-buttons is-layout-flex wp-block-buttons-is-layout-flex\">\n<div class=\"wp-block-button\"><a class=\"wp-block-button__link wp-element-button\" href=\"https:\/\/www.reklameskolen.no\/reklamen-og-oss\/reklame-overalt\/\">Tilbake til &laquo;Reklame overalt&raquo;<\/a><\/div>\n<\/div>\n<\/div>\n\n\n\n<div class=\"wp-block-column is-layout-flow wp-block-column-is-layout-flow\">\n<div class=\"wp-block-buttons is-layout-flex wp-block-buttons-is-layout-flex\"><\/div>\n<\/div>\n<\/div>\n<\/div>\n\n\n\n<p><\/p>\n","protected":false},"excerpt":{"rendered":"<p>Produktplassering Har du noen gang lurt p\u00e5 hvorfor James Bond kj\u00f8rer en Aston Martin, eller hvorfor en skiut\u00f8ver drikker av en Imsdal-flaske etter m\u00e5lgang? Det er naturligvis noen som har betalt for at akkurat disse produktene blir vist frem. Produktplassering er en form for reklame der produkter plasseres som en integrert del av et innhold. [&hellip;]<\/p>\n","protected":false},"author":6,"featured_media":0,"parent":163,"menu_order":3,"comment_status":"closed","ping_status":"closed","template":"","meta":{"_acf_changed":false,"editor_notices":[],"footnotes":""},"class_list":["post-1197","page","type-page","status-publish","hentry"],"blocksy_meta":{"styles_descriptor":{"styles":{"desktop":"","tablet":"","mobile":""},"google_fonts":[],"version":6}},"acf":[],"yoast_head":"<!-- This site is optimized with the Yoast SEO plugin v25.9 - https:\/\/yoast.com\/wordpress\/plugins\/seo\/ -->\n<title>Produktplassering - Ungdomsskole<\/title>\n<meta name=\"robots\" content=\"index, follow, max-snippet:-1, max-image-preview:large, max-video-preview:-1\" \/>\n<link rel=\"canonical\" href=\"https:\/\/www.reklameskolen.no\/ungdomsskole\/metoder-medier-og-miljo\/den-usynlige-reklame\/produktplassering\/\" \/>\n<meta property=\"og:locale\" content=\"nb_NO\" \/>\n<meta property=\"og:type\" content=\"article\" \/>\n<meta property=\"og:title\" content=\"Produktplassering - Ungdomsskole\" \/>\n<meta property=\"og:description\" content=\"Produktplassering Har du noen gang lurt p\u00e5 hvorfor James Bond kj\u00f8rer en Aston Martin, eller hvorfor en skiut\u00f8ver drikker av en Imsdal-flaske etter m\u00e5lgang? Det er naturligvis noen som har betalt for at akkurat disse produktene blir vist frem. Produktplassering er en form for reklame der produkter plasseres som en integrert del av et innhold. [&hellip;]\" \/>\n<meta property=\"og:url\" content=\"https:\/\/www.reklameskolen.no\/ungdomsskole\/metoder-medier-og-miljo\/den-usynlige-reklame\/produktplassering\/\" \/>\n<meta property=\"og:site_name\" content=\"Ungdomsskole\" \/>\n<meta property=\"article:modified_time\" content=\"2023-10-19T07:13:45+00:00\" \/>\n<meta property=\"og:image\" content=\"https:\/\/www.reklameskolen.no\/wp-content\/uploads\/sites\/7\/2022\/02\/James-Bond-1-1024x509.jpg\" \/>\n<meta name=\"twitter:card\" content=\"summary_large_image\" \/>\n<meta name=\"twitter:label1\" content=\"Ansl. lesetid\" \/>\n\t<meta name=\"twitter:data1\" content=\"1 minutt\" \/>\n<script type=\"application\/ld+json\" class=\"yoast-schema-graph\">{\"@context\":\"https:\/\/schema.org\",\"@graph\":[{\"@type\":\"WebPage\",\"@id\":\"https:\/\/www.reklameskolen.no\/ungdomsskole\/metoder-medier-og-miljo\/den-usynlige-reklame\/produktplassering\/\",\"url\":\"https:\/\/www.reklameskolen.no\/ungdomsskole\/metoder-medier-og-miljo\/den-usynlige-reklame\/produktplassering\/\",\"name\":\"Produktplassering - Ungdomsskole\",\"isPartOf\":{\"@id\":\"https:\/\/www.reklameskolen.no\/ungdomsskole\/#website\"},\"primaryImageOfPage\":{\"@id\":\"https:\/\/www.reklameskolen.no\/ungdomsskole\/metoder-medier-og-miljo\/den-usynlige-reklame\/produktplassering\/#primaryimage\"},\"image\":{\"@id\":\"https:\/\/www.reklameskolen.no\/ungdomsskole\/metoder-medier-og-miljo\/den-usynlige-reklame\/produktplassering\/#primaryimage\"},\"thumbnailUrl\":\"https:\/\/www.reklameskolen.no\/wp-content\/uploads\/sites\/7\/2022\/02\/James-Bond-1-1024x509.jpg\",\"datePublished\":\"2022-02-21T14:53:06+00:00\",\"dateModified\":\"2023-10-19T07:13:45+00:00\",\"breadcrumb\":{\"@id\":\"https:\/\/www.reklameskolen.no\/ungdomsskole\/metoder-medier-og-miljo\/den-usynlige-reklame\/produktplassering\/#breadcrumb\"},\"inLanguage\":\"nb-NO\",\"potentialAction\":[{\"@type\":\"ReadAction\",\"target\":[\"https:\/\/www.reklameskolen.no\/ungdomsskole\/metoder-medier-og-miljo\/den-usynlige-reklame\/produktplassering\/\"]}]},{\"@type\":\"ImageObject\",\"inLanguage\":\"nb-NO\",\"@id\":\"https:\/\/www.reklameskolen.no\/ungdomsskole\/metoder-medier-og-miljo\/den-usynlige-reklame\/produktplassering\/#primaryimage\",\"url\":\"https:\/\/www.reklameskolen.no\/wp-content\/uploads\/sites\/7\/2022\/02\/James-Bond-1-1024x509.jpg\",\"contentUrl\":\"https:\/\/www.reklameskolen.no\/wp-content\/uploads\/sites\/7\/2022\/02\/James-Bond-1-1024x509.jpg\"},{\"@type\":\"BreadcrumbList\",\"@id\":\"https:\/\/www.reklameskolen.no\/ungdomsskole\/metoder-medier-og-miljo\/den-usynlige-reklame\/produktplassering\/#breadcrumb\",\"itemListElement\":[{\"@type\":\"ListItem\",\"position\":1,\"name\":\"Home\",\"item\":\"https:\/\/www.reklameskolen.no\/ungdomsskole\/\"},{\"@type\":\"ListItem\",\"position\":2,\"name\":\"Metoder, medier og milj\u00f8\",\"item\":\"https:\/\/www.reklameskolen.no\/ungdomsskole\/metoder-medier-og-miljo\/\"},{\"@type\":\"ListItem\",\"position\":3,\"name\":\"Usynlig reklame\",\"item\":\"https:\/\/www.reklameskolen.no\/ungdomsskole\/metoder-medier-og-miljo\/den-usynlige-reklame\/\"},{\"@type\":\"ListItem\",\"position\":4,\"name\":\"Produktplassering\"}]},{\"@type\":\"WebSite\",\"@id\":\"https:\/\/www.reklameskolen.no\/ungdomsskole\/#website\",\"url\":\"https:\/\/www.reklameskolen.no\/ungdomsskole\/\",\"name\":\"Ungdomsskole\",\"description\":\"Oppl\u00e6ringsverkt\u00f8y om reklame\",\"publisher\":{\"@id\":\"https:\/\/www.reklameskolen.no\/ungdomsskole\/#organization\"},\"potentialAction\":[{\"@type\":\"SearchAction\",\"target\":{\"@type\":\"EntryPoint\",\"urlTemplate\":\"https:\/\/www.reklameskolen.no\/ungdomsskole\/?s={search_term_string}\"},\"query-input\":{\"@type\":\"PropertyValueSpecification\",\"valueRequired\":true,\"valueName\":\"search_term_string\"}}],\"inLanguage\":\"nb-NO\"},{\"@type\":\"Organization\",\"@id\":\"https:\/\/www.reklameskolen.no\/ungdomsskole\/#organization\",\"name\":\"Ungdomsskole\",\"url\":\"https:\/\/www.reklameskolen.no\/ungdomsskole\/\",\"logo\":{\"@type\":\"ImageObject\",\"inLanguage\":\"nb-NO\",\"@id\":\"https:\/\/www.reklameskolen.no\/ungdomsskole\/#\/schema\/logo\/image\/\",\"url\":\"https:\/\/www.reklameskolen.no\/wp-content\/uploads\/2023\/08\/Reklameskolen-Logo-01.png\",\"contentUrl\":\"https:\/\/www.reklameskolen.no\/wp-content\/uploads\/2023\/08\/Reklameskolen-Logo-01.png\",\"caption\":\"Ungdomsskole\"},\"image\":{\"@id\":\"https:\/\/www.reklameskolen.no\/ungdomsskole\/#\/schema\/logo\/image\/\"}}]}<\/script>\n<!-- \/ Yoast SEO plugin. -->","yoast_head_json":{"title":"Produktplassering - Ungdomsskole","robots":{"index":"index","follow":"follow","max-snippet":"max-snippet:-1","max-image-preview":"max-image-preview:large","max-video-preview":"max-video-preview:-1"},"canonical":"https:\/\/www.reklameskolen.no\/ungdomsskole\/metoder-medier-og-miljo\/den-usynlige-reklame\/produktplassering\/","og_locale":"nb_NO","og_type":"article","og_title":"Produktplassering - Ungdomsskole","og_description":"Produktplassering Har du noen gang lurt p\u00e5 hvorfor James Bond kj\u00f8rer en Aston Martin, eller hvorfor en skiut\u00f8ver drikker av en Imsdal-flaske etter m\u00e5lgang? Det er naturligvis noen som har betalt for at akkurat disse produktene blir vist frem. Produktplassering er en form for reklame der produkter plasseres som en integrert del av et innhold. [&hellip;]","og_url":"https:\/\/www.reklameskolen.no\/ungdomsskole\/metoder-medier-og-miljo\/den-usynlige-reklame\/produktplassering\/","og_site_name":"Ungdomsskole","article_modified_time":"2023-10-19T07:13:45+00:00","og_image":[{"url":"https:\/\/www.reklameskolen.no\/wp-content\/uploads\/sites\/7\/2022\/02\/James-Bond-1-1024x509.jpg","type":"","width":"","height":""}],"twitter_card":"summary_large_image","twitter_misc":{"Ansl. lesetid":"1 minutt"},"schema":{"@context":"https:\/\/schema.org","@graph":[{"@type":"WebPage","@id":"https:\/\/www.reklameskolen.no\/ungdomsskole\/metoder-medier-og-miljo\/den-usynlige-reklame\/produktplassering\/","url":"https:\/\/www.reklameskolen.no\/ungdomsskole\/metoder-medier-og-miljo\/den-usynlige-reklame\/produktplassering\/","name":"Produktplassering - Ungdomsskole","isPartOf":{"@id":"https:\/\/www.reklameskolen.no\/ungdomsskole\/#website"},"primaryImageOfPage":{"@id":"https:\/\/www.reklameskolen.no\/ungdomsskole\/metoder-medier-og-miljo\/den-usynlige-reklame\/produktplassering\/#primaryimage"},"image":{"@id":"https:\/\/www.reklameskolen.no\/ungdomsskole\/metoder-medier-og-miljo\/den-usynlige-reklame\/produktplassering\/#primaryimage"},"thumbnailUrl":"https:\/\/www.reklameskolen.no\/wp-content\/uploads\/sites\/7\/2022\/02\/James-Bond-1-1024x509.jpg","datePublished":"2022-02-21T14:53:06+00:00","dateModified":"2023-10-19T07:13:45+00:00","breadcrumb":{"@id":"https:\/\/www.reklameskolen.no\/ungdomsskole\/metoder-medier-og-miljo\/den-usynlige-reklame\/produktplassering\/#breadcrumb"},"inLanguage":"nb-NO","potentialAction":[{"@type":"ReadAction","target":["https:\/\/www.reklameskolen.no\/ungdomsskole\/metoder-medier-og-miljo\/den-usynlige-reklame\/produktplassering\/"]}]},{"@type":"ImageObject","inLanguage":"nb-NO","@id":"https:\/\/www.reklameskolen.no\/ungdomsskole\/metoder-medier-og-miljo\/den-usynlige-reklame\/produktplassering\/#primaryimage","url":"https:\/\/www.reklameskolen.no\/wp-content\/uploads\/sites\/7\/2022\/02\/James-Bond-1-1024x509.jpg","contentUrl":"https:\/\/www.reklameskolen.no\/wp-content\/uploads\/sites\/7\/2022\/02\/James-Bond-1-1024x509.jpg"},{"@type":"BreadcrumbList","@id":"https:\/\/www.reklameskolen.no\/ungdomsskole\/metoder-medier-og-miljo\/den-usynlige-reklame\/produktplassering\/#breadcrumb","itemListElement":[{"@type":"ListItem","position":1,"name":"Home","item":"https:\/\/www.reklameskolen.no\/ungdomsskole\/"},{"@type":"ListItem","position":2,"name":"Metoder, medier og milj\u00f8","item":"https:\/\/www.reklameskolen.no\/ungdomsskole\/metoder-medier-og-miljo\/"},{"@type":"ListItem","position":3,"name":"Usynlig reklame","item":"https:\/\/www.reklameskolen.no\/ungdomsskole\/metoder-medier-og-miljo\/den-usynlige-reklame\/"},{"@type":"ListItem","position":4,"name":"Produktplassering"}]},{"@type":"WebSite","@id":"https:\/\/www.reklameskolen.no\/ungdomsskole\/#website","url":"https:\/\/www.reklameskolen.no\/ungdomsskole\/","name":"Ungdomsskole","description":"Oppl\u00e6ringsverkt\u00f8y om reklame","publisher":{"@id":"https:\/\/www.reklameskolen.no\/ungdomsskole\/#organization"},"potentialAction":[{"@type":"SearchAction","target":{"@type":"EntryPoint","urlTemplate":"https:\/\/www.reklameskolen.no\/ungdomsskole\/?s={search_term_string}"},"query-input":{"@type":"PropertyValueSpecification","valueRequired":true,"valueName":"search_term_string"}}],"inLanguage":"nb-NO"},{"@type":"Organization","@id":"https:\/\/www.reklameskolen.no\/ungdomsskole\/#organization","name":"Ungdomsskole","url":"https:\/\/www.reklameskolen.no\/ungdomsskole\/","logo":{"@type":"ImageObject","inLanguage":"nb-NO","@id":"https:\/\/www.reklameskolen.no\/ungdomsskole\/#\/schema\/logo\/image\/","url":"https:\/\/www.reklameskolen.no\/wp-content\/uploads\/2023\/08\/Reklameskolen-Logo-01.png","contentUrl":"https:\/\/www.reklameskolen.no\/wp-content\/uploads\/2023\/08\/Reklameskolen-Logo-01.png","caption":"Ungdomsskole"},"image":{"@id":"https:\/\/www.reklameskolen.no\/ungdomsskole\/#\/schema\/logo\/image\/"}}]}},"_links":{"self":[{"href":"https:\/\/www.reklameskolen.no\/ungdomsskole\/wp-json\/wp\/v2\/pages\/1197","targetHints":{"allow":["GET"]}}],"collection":[{"href":"https:\/\/www.reklameskolen.no\/ungdomsskole\/wp-json\/wp\/v2\/pages"}],"about":[{"href":"https:\/\/www.reklameskolen.no\/ungdomsskole\/wp-json\/wp\/v2\/types\/page"}],"author":[{"embeddable":true,"href":"https:\/\/www.reklameskolen.no\/ungdomsskole\/wp-json\/wp\/v2\/users\/6"}],"replies":[{"embeddable":true,"href":"https:\/\/www.reklameskolen.no\/ungdomsskole\/wp-json\/wp\/v2\/comments?post=1197"}],"version-history":[{"count":38,"href":"https:\/\/www.reklameskolen.no\/ungdomsskole\/wp-json\/wp\/v2\/pages\/1197\/revisions"}],"predecessor-version":[{"id":3561,"href":"https:\/\/www.reklameskolen.no\/ungdomsskole\/wp-json\/wp\/v2\/pages\/1197\/revisions\/3561"}],"up":[{"embeddable":true,"href":"https:\/\/www.reklameskolen.no\/ungdomsskole\/wp-json\/wp\/v2\/pages\/163"}],"wp:attachment":[{"href":"https:\/\/www.reklameskolen.no\/ungdomsskole\/wp-json\/wp\/v2\/media?parent=1197"}],"curies":[{"name":"wp","href":"https:\/\/api.w.org\/{rel}","templated":true}]}}